ose d = -2*d - 4*w, 0 = d + 3*w. Suppose -p + 4327 = -d*i + i, 4*i - 17308 = -2*p. Is i composite?
False
Let y = 326 - 321. Suppose y*u - 1623 = 2*u. Is u prime?
True
Suppose -4*i = -r + 363233, -85*r + 86*r = i + 363251. Is r composite?
False
Let h(s) = -2*s**3 + 71*s**2 - 314*s + 392. Is h(-75) prime?
True
Let q(l) = 2*l**2 - 24*l + 2. Let f be q(12). Let n(u) = 1 + 4 - 22*u**f - 20*u - 11 - 11 - 2*u**3. Is n(-14) prime?
True
Suppose -5*x + 49680 = -5*p, 3*x + 15795 - 45605 = 4*p. Suppose -5*b - x = 4276. Let i = b + 4083. Is i a prime number?
False
Suppose 2*o + 40 - 56 = 0. Suppose -o*i + 20*i = 112044. Is i composite?
False
Let s = 8646 - 4760. Suppose -1021*i = -1019*i - s. Is i composite?
True
Let k = -29072 - -29130. Let a = 14 - -685. Let l = a - k. Is l composite?
False
Let y = 277178 - 116869. Is y a composite number?
False
Let f be (-15)/18*(-13)/(65/30). Suppose 11*c - 14154 = f*c. Is c a composite number?
True
Is 7 - 2448/(-68)*655/3 a composite number?
False
Let a be (-1 + 2)/((-12)/180). Is ((-5)/a)/(2/65622) composite?
False
Let z(p) = -166*p + 4. Let f be z(-7). Suppose 7371 = 5*u + f. Let v = 1782 - u. Is v a composite number?
False
Let w be ((-48)/3)/((-321)/(-324) + -1). Let b = w - 554. Is b a prime number?
False
Suppose 5*h - 36248 = -i + 23844, -4*h = -4*i + 240296. Is i prime?
True
Let t(q) be the first derivative of q**3/3 + q**2/2 + 613*q + 56. Is t(0) a prime number?
True
Suppose -6*q + 52098 = -q + 16613. Is q prime?
False
Is (-44 + (-86)/(-2))*(-168192 - 1) a composite number?
False
Let p be (-4)/((-4)/((-8)/(-4))). Suppose g + p = 4*i, -2*i - 25 = 4*g - i. Let k(u) = 26*u**2 + 6*u - 11. Is k(g) a prime number?
False
Let z = 327 - 323. Suppose -3*c + 2*l + 2942 = -3353, z*c + 4*l = 8360. Is c a prime number?
False
Let a = 14 + 15. Suppose -a*g - 1206 = -47*g. Is g a composite number?
False
Suppose 2721 = 294*x - 297*x. Is (x/3)/(47/(-141)) a composite number?
False
Suppose 5*f + 6*q - 41 = 7*q, 5*f - 65 = -5*q. Let b(k) = -21*k - 4 + 2 + 3*k**2 + 10*k**2. Is b(f) composite?
True
Suppose 150*p - 167*p + 2763367 = 0. Is p a composite number?
True
Let i(q) = -2*q**2 + 12*q - 14. Let l be i(4). Suppose 0*m + 5*m = 50. Suppose 176 = m*t - l*t. Is t a prime number?
False
Let c(r) = 7*r**2 + 259*r - 253. Is c(78) a composite number?
True
Let f(s) = -s**2 - 8*s + 5. Let o be f(-8). Suppose 5*h = o*t + 3675, 3*t = 5*t - 3*h + 1469. Let x = -357 - t. Is x a composite number?
False
Let t(y) = -3*y**2 - 43*y + 2. Let d be t(-15). Is -10*-10942*(-7)/d prime?
False
Suppose 2*v - 6*l - 30978 = -10*l, 6 = -3*l. Is v a composite number?
False
Let r = -22 + 27. Suppose -14 = -4*t + 2*b, 8 + r = 2*t + 5*b. Is (-2)/(t/(-1524)*2) composite?
True
Suppose -w = 2*f - 21, -3*f + 52 = -3*w + 7. Let l = 733 + f. Is l a prime number?
False
Let m be 1 + 24 + (-5 - -2)*-1. Suppose m*p - 24*p = 568. Is p - ((-5)/4 + 2/8) a composite number?
True
Let p be (-11430)/(-8) - -5*(-18)/120. Suppose x - p = -2*c, c - 2 = 2. Suppose 4*u = 3*k - 887, -8*u = 5*k - 3*u - x. Is k prime?
False
Suppose 307761 - 343731 = -35*m + 614715. Is m composite?
True
Suppose -90 - 30 = 3*y - 2*j, -4*y + 4*j = 156. Suppose -1326 = -22*p + 56*p. Let g = p - y. Is g a prime number?
True
Suppose -11*f = -3*f. Let s(k) = k**3 + k**2 - k + 165. Let g be s(f). Let j = g - -104. Is j prime?
True
Let t = 447632 - 224399. Is t a composite number?
True
Let c = 6 - 6. Suppose c*b + 2*b = -4*r + 2144, 0 = -2*b + r + 2139. Let j = 24 + b. Is j a composite number?
True
Is -160231*(-5)/15*(-5 + 8) prime?
True
Let z(p) = 68*p**2 - 20*p - 91. Let v be z(-15). Suppose v = 23*f - 10*f. Is f prime?
True
Let l(r) = -78*r - 61. Let d(w) = -w**2 - 22*w + 21. Let v be d(-24). Is l(v) a composite number?
True
Suppose 6*y - 108182 - 88096 = 0. Is y a composite number?
False
Let l = -545 - -935. Suppose a = -4*c + 3765, -5*a + c + l = -18351. Is a composite?
True
Is 2683398/(-2)*(13 + -18)/15 prime?
True
Let f(b) = -276*b + 3. Let r be f(-4). Let k = 1624 - r. Let p = -210 + k. Is p prime?
True
Let s be 10/(-15)*(-3 + 0). Suppose 0 = -4*a - 5*o + 46, 4*a - 14 = 2*a + s*o. Suppose -k = -a*k + 5080. Is k a composite number?
True
Suppose 0 = -135*y + 138*y + 37086. Let z = -6123 - y. Is z composite?
True
Let y = 56 - 39. Suppose y*l - 215369 - 21900 = 0. Is l a composite number?
True
Let o(f) = 22323*f + 1782. Is o(5) a prime number?
False
Let v(d) = -5820*d**3 - 3*d**2 - d. Let m be v(-1). Let j = 10640 - m. Is j a composite number?
True
Suppose 15*q = 12*q + 18252. Suppose 0 = -10*i + q + 10736. Suppose i = l - 3*u - 2*u, -u = 5. Is l a prime number?
True
Suppose 0 = 3*u - 115226 + 23783. Suppose u = 15*b - 4*b. Is b prime?
False
Let d be (-15)/(-105) - (194/(-14) + 2). Is -5727*((-40)/d + 3) a composite number?
True
Let o(b) = 54*b**2 + 20*b + 8. Let a be o(14). Suppose -4*y = -4*j - a, -4*y - 3*j + 3030 = -7877. Is y prime?
False
Let a = -42 + 49. Suppose 0 = 3*q + 9, 0 = 6*p - a*p + 4*q + 817. Suppose 0 = -z - 2*r + p, 5*z + 13*r - 4055 = 18*r. Is z prime?
True
Let x = -2690 + 4608. Is (12 - 18) + x/2 a composite number?
False
Let m(x) = 201*x - 12. Let p be m(13). Suppose -6*t + 4413 = -p. Is t composite?
True
Let v(d) = 111*d**3 + d**2 + d - 2. Let x be -2 + (-16)/(-3) - 8/24. Is v(x) a prime number?
False
Is (-37333062)/(-570) - 4/(-10) prime?
True
Let j = 82 - -722. Suppose 4*k + 7948 = j. Let d = -595 - k. Is d prime?
False
Let a be (5/((-75)/20))/(3/18). Is (2 - 3)*(7 + a - 418) composite?
False
Let i(g) = 9*g**3 - 2*g**2 + 5*g - 2. Let w be i(-5). Let f = w + 3753. Is f composite?
False
Let s be -2 + (-3)/(12/(-16)). Suppose s*w + 5*v - 10089 = 0, w + 1473 = 5*v + 6510. Suppose -47*u - w = -49*u. Is u prime?
True
Let u be (195000/(-21) - (-2)/(-7))*-6. Suppose 4*t - u = -0*t. Suppose 24*q - 27*q = -t. Is q a composite number?
False
Let b = 542759 - 361441. Is b prime?
False
Suppose 0 = -t - 3*t + 1240. Let m = t + -125. Suppose -182*d - 1893 = -m*d. Is d a composite number?
False
Let f = -12 + 27. Let g be ((-20514)/(-65))/(2/f). Suppose -g = t - 4*t. Is t a prime number?
False
Let l(d) = 10*d**3 + 9*d**2 + 2*d - 41. Let x be l(-8). Let h = x + 9322. Is h a composite number?
False
Let s(b) = 194*b - 83. Let u be s(26). Suppose 0 = 16*m - 111567 - u. Is m a prime number?
True
Let b = -12274 + -63281. Let o be ((-12)/15)/(18/b). Suppose -5*g + 2*g = -5*i + o, 2*i - 3*g - 1345 = 0. Is i prime?
False
Suppose -g = -0*g + 5, 4*f - 33 = 5*g. Let c(u) = 4*u - 4*u**3 - u**3 - 31*u**f + 42*u**2 - 1. Is c(-4) a composite number?
False
Suppose -124791 - 159813 = -111*y. Let v(k) = -k - 3. Let q be v(-3). Suppose -4*c + y = -q*c. Is c composite?
False
Suppose -4*l - 5*h = -66, 5*h + 70 = 3*l + 3. Let f(b) = b**3 - 12 + 3*b + 58 - 29 + l*b**2. Is f(-16) composite?
True
Suppose 0 = -841*t + 808*t + 13928343. Is t prime?
False
Is (-140138)/(-82)*(-2 - -19) prime?
False
Let l be 4/(1*-3 - -2). Let j be 6/(((-36)/(-24))/(3/(-4))). Is (6 + -3)/(l/(424/j)) a composite number?
True
Suppose 2*h - 16 = -2*h. Let f be (4/40)/(1/h)*-470. Let t = 333 + f. Is t a composite number?
True
Suppose -4*b = 4*r - 1674548, -r + 1674554 = -99*b + 103*b. Is b prime?
False
Suppose -b = 3*m + 2, -4 = 4*m - 2*b + 4*b. Suppose 2*g + 2*u = -m*g + 288, -3*g + u = -436. Is g composite?
True
Suppose 0 = -7*f + 28871 + 16783. Suppose 5*n = 3*n + f. Is n composite?
True
Is (-1 - (-3184)/(-3))*-5*2355/25 a composite number?
True
Let j be (-4)/3*(-519)/(-2). Suppose -4341 = -5*k - 146. Let w = k + j. Is w composite?
True
Suppose 2*v - 3*l = 6, 5*v - 5*l + 5 = 15. Suppose v = -24*f + 6*f + 784746. Is f prime?
True
Is (-170152)/20*10/16*-4 prime?
True
Suppose 369*u - 279739152 = -31378905. Is u a prime number?
True
Let c(r) = -3*r**2 - 18*r. Let v be 100/(-16) - ((-5)/4 + 1). Let u be c(v). Suppose 2850 = 2*f + 2*i - i, 5*f - i - 7111 = u. Is f a prime number?
True
Suppose 488 = 6*t - 22. Let b = -97 + t. Is 2/(-3) + (-19774)/b*2 a prime number?
False
Let m(j) = j**3 - 5*j**2 - 2*j + 5. Let o = -45 - -50. Let v be m(o). Let l(a) = -2*a**3 + 4*a - 4. Is l(v) composite?
True
Suppose 139*o - 145731636 = 306470468 - 34704345. Is o prime?
False
Let g(k) = 3*k**2 - 7 - 6 + 10*k + 3 + 6*k. Let p be g(6). Let i = p + 693. Is i a composite nu